{"id":69,"date":"2021-01-13T10:26:05","date_gmt":"2021-01-13T10:26:05","guid":{"rendered":"http:\/\/31.217.192.143\/~arkistoy\/blogi\/?page_id=69"},"modified":"2021-01-13T10:27:01","modified_gmt":"2021-01-13T10:27:01","slug":"jaseneksi-liittyminen","status":"publish","type":"page","link":"https:\/\/arkistoyhdistys.fi\/index.php\/jaseneksi-liittyminen\/","title":{"rendered":"J\u00e4seneksi"},"content":{"rendered":"\n<p>Tervetuloa Arkistoyhdistys &#8211; Arkivf\u00f6reningen ry:n j\u00e4seneksi.<\/p>\n\n\n\n<p>Jokainen arkistoalalla ja asiakirjahallinnon teht\u00e4viss\u00e4 ty\u00f6skentelev\u00e4 tai muutoin alaan perehtynyt henkil\u00f6 on tervetullut Arkistoyhdistyksen j\u00e4seneksi.<\/p>\n\n\n\n<p>J\u00e4senyytt\u00e4 voi hakea t\u00e4ytt\u00e4m\u00e4ll\u00e4 t\u00e4ll\u00e4 sivulla olevan j\u00e4sentietolomakkeen. Uudet j\u00e4senet hyv\u00e4ksyt\u00e4\u00e4n hallituksen kokouksissa. Hyv\u00e4ksymisen j\u00e4lkeen j\u00e4senelle l\u00e4hetet\u00e4\u00e4n lis\u00e4tietoja j\u00e4senmaksun maksamisesta ja ajankohtaisista tapahtumista. Vuonna 2013 j\u00e4senmaksu on 20 euroa.<\/p>\n\n\n\n<h2 class=\"wp-block-heading\">J\u00e4senedut<\/h2>\n\n\n\n<p>Liittym\u00e4ll\u00e4 Arkistoyhdistyksen j\u00e4seneksi p\u00e4\u00e4set osalliseksi yhdistyksen seminaaritarjonnasta sek\u00e4 tutustumaan erilaisiin arkistoihin ja eri organisaatioiden asiakirjahallintoon yhdistyksen opintomatkoilla ja esittelytilaisuuksissa. Yhdistys j\u00e4rjest\u00e4\u00e4 my\u00f6s vierailuja ajankohtaisiin n\u00e4yttelyihin ja muihin kulttuuritapahtumiin. Yhdistys tukee j\u00e4sentens\u00e4 seminaari- ja konferenssimatkoja jakamalla apurahoja t\u00e4t\u00e4 tarkoitusta varten hakemistaan avustuksista.<\/p>\n","protected":false},"excerpt":{"rendered":"<p>Tervetuloa Arkistoyhdistys &#8211; Arkivf\u00f6reningen ry:n j\u00e4seneksi. Jokainen arkistoalalla ja asiakirjahallinnon teht\u00e4viss\u00e4 ty\u00f6skentelev\u00e4 tai muutoin alaan perehtynyt henkil\u00f6 on tervetullut Arkistoyhdistyksen j\u00e4seneksi. J\u00e4senyytt\u00e4 voi hakea t\u00e4ytt\u00e4m\u00e4ll\u00e4 t\u00e4ll\u00e4 sivulla olevan j\u00e4sentietolomakkeen. Uudet j\u00e4senet hyv\u00e4ksyt\u00e4\u00e4n hallituksen kokouksissa. Hyv\u00e4ksymisen j\u00e4lkeen j\u00e4senelle l\u00e4hetet\u00e4\u00e4n lis\u00e4tietoja j\u00e4senmaksun maksamisesta ja ajankohtaisista tapahtumista. Vuonna 2013 j\u00e4senmaksu on 20 euroa. J\u00e4senedut Liittym\u00e4ll\u00e4 Arkistoyhdistyksen j\u00e4seneksi p\u00e4\u00e4set [&hellip;]<\/p>\n","protected":false},"author":1,"featured_media":0,"parent":0,"menu_order":0,"comment_status":"closed","ping_status":"closed","template":"","meta":{"footnotes":""},"class_list":["post-69","page","type-page","status-publish","hentry"],"_links":{"self":[{"href":"https:\/\/arkistoyhdistys.fi\/index.php\/wp-json\/wp\/v2\/pages\/69","targetHints":{"allow":["GET"]}}],"collection":[{"href":"https:\/\/arkistoyhdistys.fi\/index.php\/wp-json\/wp\/v2\/pages"}],"about":[{"href":"https:\/\/arkistoyhdistys.fi\/index.php\/wp-json\/wp\/v2\/types\/page"}],"author":[{"embeddable":true,"href":"https:\/\/arkistoyhdistys.fi\/index.php\/wp-json\/wp\/v2\/users\/1"}],"replies":[{"embeddable":true,"href":"https:\/\/arkistoyhdistys.fi\/index.php\/wp-json\/wp\/v2\/comments?post=69"}],"version-history":[{"count":2,"href":"https:\/\/arkistoyhdistys.fi\/index.php\/wp-json\/wp\/v2\/pages\/69\/revisions"}],"predecessor-version":[{"id":74,"href":"https:\/\/arkistoyhdistys.fi\/index.php\/wp-json\/wp\/v2\/pages\/69\/revisions\/74"}],"wp:attachment":[{"href":"https:\/\/arkistoyhdistys.fi\/index.php\/wp-json\/wp\/v2\/media?parent=69"}],"curies":[{"name":"wp","href":"https:\/\/api.w.org\/{rel}","templated":true}]}}