{"id":642,"date":"2024-01-30T13:10:30","date_gmt":"2024-01-30T13:10:30","guid":{"rendered":"http:\/\/arkistoyhdistys.fi\/?page_id=642"},"modified":"2024-02-03T16:14:14","modified_gmt":"2024-02-03T16:14:14","slug":"opintomatka-itavaltaan-30-9-4-10-2024","status":"publish","type":"page","link":"https:\/\/arkistoyhdistys.fi\/index.php\/opintomatka-itavaltaan-30-9-4-10-2024\/","title":{"rendered":"Opintomatka It\u00e4valtaan 30.9.\u20134.10.2024"},"content":{"rendered":"\n<p>Arkistoyhdistys j\u00e4rjest\u00e4\u00e4 30.9.\u20134.10.2024 opintomatkan It\u00e4valtaan. Keskuspaikkana toimii Wien. Opintomatkaan sis\u00e4ltyy monipuolinen vierailuohjelma.\u00a0Maanantaina 30.9. on yksi vierailukohde ja 1.\u20134.10. ainakin kaksi vierailukohdetta p\u00e4iv\u00e4ss\u00e4.<\/p>\n\n\n\n<p><strong><a href=\"https:\/\/www.flomembers.com\/arkistoyhdistys\/events\/register\/33e75ff09dd601bbe69f351039152189\">Linkki ilmoittatumiseen (avoinna 5.2.204 klo 9.00 \u2013 15.2.2024 klo 12.00)<\/a><\/strong><\/p>\n\n\n\n<p>Vierailemme ainakin seuraavissa kohteissa (pid\u00e4t\u00e4mme oikeuden suunnitelman muutoksiin):<\/p>\n\n\n\n<ul class=\"wp-block-list\">\n<li>Archiv der Republik&nbsp;&nbsp;<\/li>\n\n\n\n<li>Kriegsarchiv<\/li>\n\n\n\n<li>Haus-, Hof- und Staatsarchiv<\/li>\n\n\n\n<li>Lower Austrian Provincial archives and library (Landesarchiv, bussimatka St. P\u00f6lteniin)&nbsp;&nbsp;<\/li>\n\n\n\n<li>Belvedere Museum Archive&nbsp;<\/li>\n\n\n\n<li>Archive of the Parliament of Austria&nbsp;&nbsp;&nbsp;&nbsp;&nbsp;&nbsp;&nbsp;&nbsp;&nbsp;&nbsp;&nbsp;&nbsp;&nbsp;&nbsp;&nbsp;<\/li>\n\n\n\n<li>Wiener Wiesenthal Institut&nbsp;&nbsp;&nbsp;<\/li>\n\n\n\n<li>Phonogramarchiv&nbsp;&nbsp;&nbsp;&nbsp;&nbsp;&nbsp;&nbsp;&nbsp;&nbsp;&nbsp;&nbsp;&nbsp;&nbsp;&nbsp;&nbsp;&nbsp;&nbsp;&nbsp;&nbsp;&nbsp;&nbsp;<\/li>\n\n\n\n<li>Municipal and Provincial Archives of Vienna&nbsp;&nbsp;&nbsp;&nbsp;&nbsp;&nbsp;&nbsp;&nbsp;&nbsp;&nbsp;&nbsp;&nbsp;&nbsp;&nbsp;&nbsp;&nbsp;&nbsp;&nbsp;&nbsp;&nbsp;&nbsp;&nbsp;&nbsp;&nbsp;&nbsp;&nbsp;&nbsp;&nbsp;<\/li>\n<\/ul>\n\n\n\n<p><\/p>\n\n\n\n<p><strong>LENNOT JA HOTELLI<\/strong><\/p>\n\n\n\n<p>Lentoaikataulu:<\/p>\n\n\n\n<p>30.9.2024 AY1471 Helsinki 08:30 \u2013 09:55 Wien<\/p>\n\n\n\n<p>4.10.2024 AY1476 Wien 19:15 \u2013 22:35 Helsinki<\/p>\n\n\n\n<p>Majoitus<\/p>\n\n\n\n<p>Ibis Wien Mariahilf***, Mariahilfer G\u00fcrtel 22\u201324, 1060 Wien<\/p>\n\n\n\n<p><\/p>\n\n\n\n<p><strong>HINTA<\/strong><\/p>\n\n\n\n<p>Matkan&nbsp;<em>arvioitu&nbsp;<\/em>hinta on&nbsp;<\/p>\n\n\n\n<p><strong>2 hh:&nbsp;825 \u20ac\/ hl\u00f6<\/strong>&nbsp;jaetussa kahden hengen huoneessa<\/p>\n\n\n\n<p><strong>1 hh:&nbsp;1098 \u20ac\/ hl\u00f6&nbsp;<\/strong>yhden hengen huoneessa<\/p>\n\n\n\n<p>Matkapaketin hintaan sis\u00e4ltyy:<\/p>\n\n\n\n<ul class=\"wp-block-list\">\n<li>Finnairin reittilento Helsinki\u2013Wien\u2013Helsinki turistiluokassa, lentokentt\u00e4verot ja<\/li>\n\n\n\n<li>matkustajamaksut<\/li>\n\n\n\n<li>Matkalaukku ruumaan 23 kg sek\u00e4 k\u00e4simatkatavarat 8 kg<\/li>\n\n\n\n<li>4 y\u00f6t\u00e4 Ibis Wien Mariahilf, jaetussa kahden hengen huoneessa tai yhden hengen huoneessa<\/li>\n\n\n\n<li>P\u00e4ivitt\u00e4inen buffetaamiainen hotellissa<\/li>\n\n\n\n<li>Kuljetus lentokent\u00e4lt\u00e4 ja hotellista lentokent\u00e4lle.<\/li>\n<\/ul>\n\n\n\n<p>Hinnat edellytt\u00e4v\u00e4t v\u00e4hint\u00e4\u00e4n 30 matkustajaa ja niihin saattaa my\u00f6hemmin tulla muutoksia matkanj\u00e4rjest\u00e4j\u00e4st\u00e4 riippumattomista syist\u00e4. Lis\u00e4ksi ryhm\u00e4hinnan lentoverot ja viranomaismaksut m\u00e4\u00e4r\u00e4ytyv\u00e4t tarjousp\u00e4iv\u00e4n mukaan ja ne saattavat viel\u00e4 muuttua.<\/p>\n\n\n\n<p>Osallistujat vastaavat itse matkoistaan Wieniss\u00e4. Suurin osa vierailukohteista tulee sijaitsemaan kohtuullisen matkan p\u00e4\u00e4ss\u00e4 hotellista. Matkapaketin hintaan sis\u00e4ltyy tarvittaessa yhten\u00e4 p\u00e4iv\u00e4n\u00e4 bussikuljetus Wienin ulkopuolella sijaitseviin kohteisiin.<\/p>\n\n\n\n<p><\/p>\n\n\n\n<p><strong>ILMOITTAUTUMINEN<\/strong><\/p>\n\n\n\n<p>Ilmoittautuminen alkaa maanantaina&nbsp;<strong>5.2.2024 klo 9:00<\/strong>&nbsp;ja p\u00e4\u00e4ttyy torstaina&nbsp;<strong>15.2.2024 klo 12:00<\/strong>.&nbsp;<\/p>\n\n\n\n<p>Ilmoittautumisen yhteydess\u00e4 tarvitaan nimi kuten passissa, henkil\u00f6tunnus, puhelinnumero, huonejakotoive, laskutusosoite ja s\u00e4hk\u00f6postiosoite.&nbsp;Lis\u00e4ksi tarvitaan ty\u00f6nantajan nimi ja laskutusosoite, mik\u00e4li ty\u00f6nantaja maksaa matkan. Lis\u00e4ksi tulee ilmoittaa, mink\u00e4 majoitusvaihtoehdon valitsee (ja huonetoveri, jos on jo tiedossa), jotta voimme vahvistaa huonejaot mahdollisimman pian.&nbsp;&nbsp;Ilmoittautua voi vain oheisen linkin kautta Flomembers-palvelussa. Mukaan mahtuu enint\u00e4\u00e4n 40 henke\u00e4.<\/p>\n\n\n\n<p><strong>Ilmoittautumislinkki aukeaa 5.2.2024 klo 9.00<\/strong><\/p>\n\n\n\n<p>Opintomatkaa varten on varattu alustavasti huoneet 30 hengelle, joista 20 henke\u00e4 yhden hengen huoneissa ja loput 10 jaetuissa kahden hengen huoneissa. Esitettyjen huonetoivomusten perusteella voidaan neuvotella muunlaisesta huoneiden tarpeesta.&nbsp;<\/p>\n\n\n\n<p>HUOM! Yhdistyksen j\u00e4senet ohittavat ilmoittautumisajan sis\u00e4ll\u00e4 yhdistykseen kuulumattomat. Jos paikkoja j\u00e4\u00e4, on my\u00f6s yhdistykseen kuulumattoman puolison tai muun matkakumppanin osallistuminen mahdollista.<\/p>\n\n\n\n<p><\/p>\n\n\n\n<p><strong>LIS\u00c4TIETOJA HOTELLISTA<\/strong><\/p>\n\n\n\n<p>Ibis Wien Mariahilf ***, Mariahilfer G\u00fcrtel 22\u201324, 1060 Wien<\/p>\n\n\n\n<p><a href=\"http:\/\/www.accorhotels.com\/de\/hotel-0796-ibis-wien-mariahilf\/index.shtml\">http:\/\/www.accorhotels.com\/de\/hotel-0796-ibis-wien-mariahilf\/index.shtml<\/a><\/p>\n\n\n\n<p>Hotelli sijaitsee yli 1,5 km pitk\u00e4n Mariahilferstrasse-ostoskadun l\u00e4hell\u00e4. K\u00e4vellen keskustaan matkaa ostoskatua pitkin n. 1,8 km. K\u00e4vely-\/ostoskadun varrella on lukuisia tavarataloja, kauppoja sek\u00e4 ravintoloita. L\u00e4hin metroasema U3 Westbahnhof muutama minuutti k\u00e4vellen. Metrolla p\u00e4\u00e4see vanhaan kaupunkiin Stephansplatzille n.10 minuutissa.<\/p>\n\n\n\n<p>Hotelli on peruskorjattu vuonna 2014. Hotellissa 341 huonetta, joissa suihku, WC, televisio, puhelin, ilmastointi. Hotellissa on ravintola, baari, sek\u00e4 kokoustilat.<\/p>\n\n\n\n<p><\/p>\n\n\n\n<p><strong>LIS\u00c4INFORMAATIO<\/strong><\/p>\n\n\n\n<p>Matkaty\u00f6ryhm\u00e4: Johanna Mieto (pj), Kenth Sj\u00f6blom, Juha Henriksson ja Jari Suutari.&nbsp;Matkaty\u00f6ryhm\u00e4 l\u00e4hett\u00e4\u00e4 osallistujille my\u00f6hemmin p\u00e4ivitetty\u00e4 ohjelmatietoa. Lis\u00e4tietoja saa yhdistyksen ja matkaty\u00f6ryhm\u00e4n puheenjohtajalta Johanna Miedolta.<\/p>\n\n\n\n<p><\/p>\n\n\n\n<p><strong>MAKSUT JA ER\u00c4P\u00c4IV\u00c4T<\/strong><\/p>\n\n\n\n<p>Matkasta perit\u00e4\u00e4n ennakkomaksuna helmi\u2013maaliskuun aikana 150 \u20ac \/hl\u00f6. Loppusuoritus on maksettava viimeist\u00e4\u00e4n 25.8.2024.<\/p>\n\n\n\n<p><\/p>\n\n\n\n<p><strong>MATKANJ\u00c4RJEST\u00c4J\u00c4<\/strong><\/p>\n\n\n\n<p>Pohjolan Matka<\/p>\n\n\n\n<p>www.pohjolanmatka.fi<\/p>\n\n\n\n<p><\/p>\n\n\n\n<p><strong>MATKAEHDOT<\/strong><\/p>\n\n\n\n<p>Pohjolan Matka noudattaa toiminnassaan ulkoministeri\u00f6n matkustussuosituksia, yleisi\u00e4 matkapakettiehtoja ja Pohjolan Matkan lis\u00e4- ja erityisehtoja sek\u00e4 mahdollisia matkakohtaisia erityisehtoja.<\/p>\n\n\n\n<p>Lis\u00e4tietoja liittyen matkan peruuttamiseen, matkavakuutukseen ja erityisehtoihin l\u00f6ytyy internetsivuilta:&nbsp;<a href=\"https:\/\/pohjolanmatka.fi\/matkapakettiehdot\/lentopohjaisten-matkojen-erityisehdot\/\">https:\/\/pohjolanmatka.fi\/matkapakettiehdot\/lentopohjaisten-matkojen-erityisehdot\/<\/a><\/p>\n\n\n\n<p>T\u00e4t\u00e4 ryhm\u00e4matkaa sitovat erikoisperuutusehdot:<\/p>\n\n\n\n<ul class=\"wp-block-list\">\n<li>ryhm\u00e4n kuluton peruutus 6.4.<\/li>\n\n\n\n<li>jos peruuntuminen tapahtuu 7.4.\u20131.8.2024 peruutuskulut 150 \u20ac<\/li>\n\n\n\n<li>jos peruuntuminen tapahtuu 2.8.\u201330.8.2024 peruutuskulut 50%<\/li>\n\n\n\n<li>jos peruuntuminen tapahtuu 31.8. j\u00e4lkeen peruutuskulut ovat 95 % matkan hinnasta<\/li>\n<\/ul>\n","protected":false},"excerpt":{"rendered":"<p>Arkistoyhdistys j\u00e4rjest\u00e4\u00e4 30.9.\u20134.10.2024 opintomatkan It\u00e4valtaan. Keskuspaikkana toimii Wien. Opintomatkaan sis\u00e4ltyy monipuolinen vierailuohjelma.\u00a0Maanantaina 30.9. on yksi vierailukohde ja 1.\u20134.10. ainakin kaksi vierailukohdetta p\u00e4iv\u00e4ss\u00e4. Linkki ilmoittatumiseen (avoinna 5.2.204 klo 9.00 \u2013 15.2.2024 klo 12.00) Vierailemme ainakin seuraavissa kohteissa (pid\u00e4t\u00e4mme oikeuden suunnitelman muutoksiin): LENNOT JA HOTELLI Lentoaikataulu: 30.9.2024 AY1471 Helsinki 08:30 \u2013 09:55 Wien 4.10.2024 AY1476 Wien 19:15 [&hellip;]<\/p>\n","protected":false},"author":1,"featured_media":0,"parent":0,"menu_order":0,"comment_status":"closed","ping_status":"closed","template":"","meta":{"footnotes":""},"class_list":["post-642","page","type-page","status-publish","hentry"],"_links":{"self":[{"href":"https:\/\/arkistoyhdistys.fi\/index.php\/wp-json\/wp\/v2\/pages\/642","targetHints":{"allow":["GET"]}}],"collection":[{"href":"https:\/\/arkistoyhdistys.fi\/index.php\/wp-json\/wp\/v2\/pages"}],"about":[{"href":"https:\/\/arkistoyhdistys.fi\/index.php\/wp-json\/wp\/v2\/types\/page"}],"author":[{"embeddable":true,"href":"https:\/\/arkistoyhdistys.fi\/index.php\/wp-json\/wp\/v2\/users\/1"}],"replies":[{"embeddable":true,"href":"https:\/\/arkistoyhdistys.fi\/index.php\/wp-json\/wp\/v2\/comments?post=642"}],"version-history":[{"count":2,"href":"https:\/\/arkistoyhdistys.fi\/index.php\/wp-json\/wp\/v2\/pages\/642\/revisions"}],"predecessor-version":[{"id":650,"href":"https:\/\/arkistoyhdistys.fi\/index.php\/wp-json\/wp\/v2\/pages\/642\/revisions\/650"}],"wp:attachment":[{"href":"https:\/\/arkistoyhdistys.fi\/index.php\/wp-json\/wp\/v2\/media?parent=642"}],"curies":[{"name":"wp","href":"https:\/\/api.w.org\/{rel}","templated":true}]}}

Opintomatka Itävaltaan 30.9.–4.10.2024

<p>Arkistoyhdistys järjestää 30.9.–4.10.2024 opintomatkan Itävaltaan. Keskuspaikkana toimii Wien. Opintomatkaan sisältyy monipuolinen vierailuohjelma. Maanantaina 30.9. on yksi vierailukohde ja 1.–4.10. ainakin kaksi vierailukohdetta päivässä.</p>



<p><strong><a href="https://www.flomembers.com/arkistoyhdistys/events/register/33e75ff09dd601bbe69f351039152189">Linkki ilmoittatumiseen (avoinna 5.2.204 klo 9.00 – 15.2.2024 klo 12.00)</a></strong></p>



<p>Vierailemme ainakin seuraavissa kohteissa (pidätämme oikeuden suunnitelman muutoksiin):</p>



<ul class="wp-block-list">
<li>Archiv der Republik&nbsp;&nbsp;</li>



<li>Kriegsarchiv</li>



<li>Haus-, Hof- und Staatsarchiv</li>



<li>Lower Austrian Provincial archives and library (Landesarchiv, bussimatka St. Pölteniin)&nbsp;&nbsp;</li>



<li>Belvedere Museum Archive&nbsp;</li>



<li>Archive of the Parliament of Austria&nbsp;&nbsp;&nbsp;&nbsp;&nbsp;&nbsp;&nbsp;&nbsp;&nbsp;&nbsp;&nbsp;&nbsp;&nbsp;&nbsp;&nbsp;</li>



<li>Wiener Wiesenthal Institut&nbsp;&nbsp;&nbsp;</li>



<li>Phonogramarchiv&nbsp;&nbsp;&nbsp;&nbsp;&nbsp;&nbsp;&nbsp;&nbsp;&nbsp;&nbsp;&nbsp;&nbsp;&nbsp;&nbsp;&nbsp;&nbsp;&nbsp;&nbsp;&nbsp;&nbsp;&nbsp;</li>



<li>Municipal and Provincial Archives of Vienna&nbsp;&nbsp;&nbsp;&nbsp;&nbsp;&nbsp;&nbsp;&nbsp;&nbsp;&nbsp;&nbsp;&nbsp;&nbsp;&nbsp;&nbsp;&nbsp;&nbsp;&nbsp;&nbsp;&nbsp;&nbsp;&nbsp;&nbsp;&nbsp;&nbsp;&nbsp;&nbsp;&nbsp;</li>
</ul>



<p></p>



<p><strong>LENNOT JA HOTELLI</strong></p>



<p>Lentoaikataulu:</p>



<p>30.9.2024 AY1471 Helsinki 08:30 – 09:55 Wien</p>



<p>4.10.2024 AY1476 Wien 19:15 – 22:35 Helsinki</p>



<p>Majoitus</p>



<p>Ibis Wien Mariahilf***, Mariahilfer Gürtel 22–24, 1060 Wien</p>



<p></p>



<p><strong>HINTA</strong></p>



<p>Matkan&nbsp;<em>arvioitu&nbsp;</em>hinta on&nbsp;</p>



<p><strong>2 hh:&nbsp;825 €/ hlö</strong>&nbsp;jaetussa kahden hengen huoneessa</p>



<p><strong>1 hh:&nbsp;1098 €/ hlö&nbsp;</strong>yhden hengen huoneessa</p>



<p>Matkapaketin hintaan sisältyy:</p>



<ul class="wp-block-list">
<li>Finnairin reittilento Helsinki–Wien–Helsinki turistiluokassa, lentokenttäverot ja</li>



<li>matkustajamaksut</li>



<li>Matkalaukku ruumaan 23 kg sekä käsimatkatavarat 8 kg</li>



<li>4 yötä Ibis Wien Mariahilf, jaetussa kahden hengen huoneessa tai yhden hengen huoneessa</li>



<li>Päivittäinen buffetaamiainen hotellissa</li>



<li>Kuljetus lentokentältä ja hotellista lentokentälle.</li>
</ul>



<p>Hinnat edellyttävät vähintään 30 matkustajaa ja niihin saattaa myöhemmin tulla muutoksia matkanjärjestäjästä riippumattomista syistä. Lisäksi ryhmähinnan lentoverot ja viranomaismaksut määräytyvät tarjouspäivän mukaan ja ne saattavat vielä muuttua.</p>



<p>Osallistujat vastaavat itse matkoistaan Wienissä. Suurin osa vierailukohteista tulee sijaitsemaan kohtuullisen matkan päässä hotellista. Matkapaketin hintaan sisältyy tarvittaessa yhtenä päivänä bussikuljetus Wienin ulkopuolella sijaitseviin kohteisiin.</p>



<p></p>



<p><strong>ILMOITTAUTUMINEN</strong></p>



<p>Ilmoittautuminen alkaa maanantaina&nbsp;<strong>5.2.2024 klo 9:00</strong>&nbsp;ja päättyy torstaina&nbsp;<strong>15.2.2024 klo 12:00</strong>.&nbsp;</p>



<p>Ilmoittautumisen yhteydessä tarvitaan nimi kuten passissa, henkilötunnus, puhelinnumero, huonejakotoive, laskutusosoite ja sähköpostiosoite.&nbsp;Lisäksi tarvitaan työnantajan nimi ja laskutusosoite, mikäli työnantaja maksaa matkan. Lisäksi tulee ilmoittaa, minkä majoitusvaihtoehdon valitsee (ja huonetoveri, jos on jo tiedossa), jotta voimme vahvistaa huonejaot mahdollisimman pian.&nbsp;&nbsp;Ilmoittautua voi vain oheisen linkin kautta Flomembers-palvelussa. Mukaan mahtuu enintään 40 henkeä.</p>



<p><strong>Ilmoittautumislinkki aukeaa 5.2.2024 klo 9.00</strong></p>



<p>Opintomatkaa varten on varattu alustavasti huoneet 30 hengelle, joista 20 henkeä yhden hengen huoneissa ja loput 10 jaetuissa kahden hengen huoneissa. Esitettyjen huonetoivomusten perusteella voidaan neuvotella muunlaisesta huoneiden tarpeesta.&nbsp;</p>



<p>HUOM! Yhdistyksen jäsenet ohittavat ilmoittautumisajan sisällä yhdistykseen kuulumattomat. Jos paikkoja jää, on myös yhdistykseen kuulumattoman puolison tai muun matkakumppanin osallistuminen mahdollista.</p>



<p></p>



<p><strong>LISÄTIETOJA HOTELLISTA</strong></p>



<p>Ibis Wien Mariahilf ***, Mariahilfer Gürtel 22–24, 1060 Wien</p>



<p><a href="http://www.accorhotels.com/de/hotel-0796-ibis-wien-mariahilf/index.shtml">http://www.accorhotels.com/de/hotel-0796-ibis-wien-mariahilf/index.shtml</a></p>



<p>Hotelli sijaitsee yli 1,5 km pitkän Mariahilferstrasse-ostoskadun lähellä. Kävellen keskustaan matkaa ostoskatua pitkin n. 1,8 km. Kävely-/ostoskadun varrella on lukuisia tavarataloja, kauppoja sekä ravintoloita. Lähin metroasema U3 Westbahnhof muutama minuutti kävellen. Metrolla pääsee vanhaan kaupunkiin Stephansplatzille n.10 minuutissa.</p>



<p>Hotelli on peruskorjattu vuonna 2014. Hotellissa 341 huonetta, joissa suihku, WC, televisio, puhelin, ilmastointi. Hotellissa on ravintola, baari, sekä kokoustilat.</p>



<p></p>



<p><strong>LISÄINFORMAATIO</strong></p>



<p>Matkatyöryhmä: Johanna Mieto (pj), Kenth Sjöblom, Juha Henriksson ja Jari Suutari.&nbsp;Matkatyöryhmä lähettää osallistujille myöhemmin päivitettyä ohjelmatietoa. Lisätietoja saa yhdistyksen ja matkatyöryhmän puheenjohtajalta Johanna Miedolta.</p>



<p></p>



<p><strong>MAKSUT JA ERÄPÄIVÄT</strong></p>



<p>Matkasta peritään ennakkomaksuna helmi–maaliskuun aikana 150 € /hlö. Loppusuoritus on maksettava viimeistään 25.8.2024.</p>



<p></p>



<p><strong>MATKANJÄRJESTÄJÄ</strong></p>



<p>Pohjolan Matka</p>



<p>www.pohjolanmatka.fi</p>



<p></p>



<p><strong>MATKAEHDOT</strong></p>



<p>Pohjolan Matka noudattaa toiminnassaan ulkoministeriön matkustussuosituksia, yleisiä matkapakettiehtoja ja Pohjolan Matkan lisä- ja erityisehtoja sekä mahdollisia matkakohtaisia erityisehtoja.</p>



<p>Lisätietoja liittyen matkan peruuttamiseen, matkavakuutukseen ja erityisehtoihin löytyy internetsivuilta:&nbsp;<a href="https://pohjolanmatka.fi/matkapakettiehdot/lentopohjaisten-matkojen-erityisehdot/">https://pohjolanmatka.fi/matkapakettiehdot/lentopohjaisten-matkojen-erityisehdot/</a></p>



<p>Tätä ryhmämatkaa sitovat erikoisperuutusehdot:</p>



<ul class="wp-block-list">
<li>ryhmän kuluton peruutus 6.4.</li>



<li>jos peruuntuminen tapahtuu 7.4.–1.8.2024 peruutuskulut 150 €</li>



<li>jos peruuntuminen tapahtuu 2.8.–30.8.2024 peruutuskulut 50%</li>



<li>jos peruuntuminen tapahtuu 31.8. jälkeen peruutuskulut ovat 95 % matkan hinnasta</li>
</ul>

<p>Arkistoyhdistys järjestää 30.9.–4.10.2024 opintomatkan Itävaltaan. Keskuspaikkana toimii Wien. Opintomatkaan sisältyy monipuolinen vierailuohjelma. Maanantaina 30.9. on yksi vierailukohde ja 1.–4.10. ainakin kaksi vierailukohdetta päivässä. Linkki ilmoittatumiseen (avoinna 5.2.204 klo 9.00 – 15.2.2024 klo 12.00) Vierailemme ainakin seuraavissa kohteissa (pidätämme oikeuden suunnitelman muutoksiin): LENNOT JA HOTELLI Lentoaikataulu: 30.9.2024 AY1471 Helsinki 08:30 – 09:55 Wien 4.10.2024 AY1476 Wien 19:15 [&hellip;]</p>
