{"id":497,"date":"2022-09-26T10:48:55","date_gmt":"2022-09-26T10:48:55","guid":{"rendered":"http:\/\/arkistoyhdistys.fi\/?page_id=497"},"modified":"2022-11-04T09:53:29","modified_gmt":"2022-11-04T09:53:29","slug":"syysseminaari-11-11-2022-arkistot-ja-vastuullisuus","status":"publish","type":"page","link":"http:\/\/arkistoyhdistys.fi\/index.php\/syysseminaari-11-11-2022-arkistot-ja-vastuullisuus\/","title":{"rendered":"Syysseminaari 11.11.2022 &#8211; Arkistot ja vastuullisuus"},"content":{"rendered":"\n<p>Arkistoyhdistyksen perinteinen syysseminaari j\u00e4rjestet\u00e4\u00e4n <strong>perjantaina 11.11.2022<\/strong>. Paikkana on Tieteiden talo, sali 104, Helsinki. Seminaariin on my\u00f6s et\u00e4osallistumismahdollisuus Zoom-sovelluksen kautta.<\/p>\n\n\n\n<p>Seminaarin teemana on t\u00e4n\u00e4 vuonna &#8221;<strong>Arkistot ja vastuullisuus<\/strong>&#8221;. Seminaarin yhteydess\u00e4 juhlitaan Arkistoyhdistyksen 75-vuotista taivalta.<\/p>\n\n\n\n<p><\/p>\n\n\n\n<h2 class=\"wp-block-heading\"><strong>Ohjelma<\/strong><\/h2>\n\n\n\n<p>8.30\u20139.00&nbsp;&nbsp;&nbsp;&nbsp;&nbsp;&nbsp;&nbsp;<strong>Aamukahvi ja ilmoittautuminen<\/strong><\/p>\n\n\n\n<p>9.00\u20139.15&nbsp;&nbsp;&nbsp;&nbsp;&nbsp;&nbsp;&nbsp;<strong>Seminaarin avaus<\/strong>. Johanna Mieto, puheenjohtaja, Arkistoyhdistys.<\/p>\n\n\n\n<p>9.15\u20139.45&nbsp;&nbsp;&nbsp;&nbsp;&nbsp;&nbsp;&nbsp;<strong>Lains\u00e4\u00e4d\u00e4nt\u00f6uudistuksen ja strategiaty\u00f6n roolista tulevaisuuden arkistoinnissa<\/strong>. Katariina Simonen, hallitusneuvos, opetus- ja kulttuuriministeri\u00f6.<\/p>\n\n\n\n<p>9.45\u201310.15&nbsp;&nbsp;&nbsp;&nbsp;&nbsp;<strong>Tietosuojan ja tekij\u00e4noikeuden vaikutus arkistointiin<\/strong>. Juha Henriksson, arkistonjohtaja, Musiikkiarkisto.<\/p>\n\n\n\n<p>10.15\u201310.30&nbsp;&nbsp;&nbsp;<strong>Tauko<\/strong>&nbsp;&nbsp;&nbsp;&nbsp;&nbsp;&nbsp;&nbsp;&nbsp;&nbsp;&nbsp;&nbsp;&nbsp;<\/p>\n\n\n\n<p>10.30\u201311.00&nbsp;&nbsp;&nbsp;<strong>Rohkeasti kest\u00e4v\u00e4\u00e4n muutokseen<\/strong>. Susanna Eklund, suunnittelija, Kansalliskirjasto.<\/p>\n\n\n\n<p>11.00\u201311.30&nbsp;&nbsp;&nbsp;<strong>Kest\u00e4vyyden ja varautumisen n\u00e4k\u00f6kulmia digitaalisten aineistojen s\u00e4ilyvyyteen<\/strong>. Kimmo Koivunen, kehitysp\u00e4\u00e4llikk\u00f6, CSC.<\/p>\n\n\n\n<p>11.30\u201313.00&nbsp;&nbsp;&nbsp;<strong>Lounas (omakustanteinen)<\/strong><\/p>\n\n\n\n<p>13.00\u201313.30&nbsp;&nbsp;&nbsp;<strong>Kest\u00e4v\u00e4 kehitys, kulttuuriperinne ja kulttuurinen kest\u00e4vyysmurros<\/strong>.<strong> <\/strong>Eeva Furman, johtava asiantuntija, p\u00e4\u00e4sihteeri, kest\u00e4v\u00e4n kehityksen toimikunta.&nbsp;&nbsp;&nbsp;&nbsp;&nbsp;&nbsp;&nbsp;&nbsp;&nbsp;<\/p>\n\n\n\n<p>13.30\u201314.00\u00a0\u00a0\u00a0<strong>Arkistoyhdistys eilen, nyt ja huomenna<\/strong>. Videoesitys.<\/p>\n\n\n\n<p>14.00\u201314.30&nbsp;&nbsp;&nbsp;<strong>Vuoden arkistoteon julkistaminen<\/strong>. Arkistojen p\u00e4iv\u00e4n toimikunta.<\/p>\n\n\n\n<p>14.30\u201315.00&nbsp;&nbsp;&nbsp;<strong>Kahvitauko<\/strong><\/p>\n\n\n\n<p>15.00\u201315.30&nbsp;&nbsp;&nbsp;<strong>Kest\u00e4v\u00e4 kehitys ja vastuullisuusty\u00f6 Kansallisarkistossa<\/strong>.&nbsp;Kristiina Laine, yleishallintop\u00e4\u00e4llikk\u00f6, Kansallisarkisto<\/p>\n\n\n\n<p>15.30\u201316.00&nbsp;&nbsp;&nbsp;<strong>Loppukeskustelu ja seminaarin p\u00e4\u00e4t\u00f6s<\/strong>. Johanna Mieto, puheenjohtaja, Arkistoyhdistys<\/p>\n\n\n\n<p>16.00\u201318.00&nbsp;&nbsp;&nbsp;<strong>Cocktails&nbsp;<\/strong><\/p>\n\n\n\n<p><\/p>\n\n\n\n<p>Seminaarin hinta on Arkistoyhdistyksen j\u00e4senille 80 euroa (paikan p\u00e4\u00e4ll\u00e4) tai 60 euroa (et\u00e4osallistuminen). Ei-j\u00e4senten hinta on 100 euroa (paikan p\u00e4\u00e4ll\u00e4) tai 80 euroa (et\u00e4osallistuminen).<\/p>\n\n\n\n<p>Seminaarin hinta sis\u00e4lt\u00e4\u00e4 aamu- ja iltap\u00e4iv\u00e4kahvin sek\u00e4 cocktails-tilaisuuden. Lounas on omarahoitteinen.<\/p>\n\n\n\n<p>Seminaariin tulee ilmoittautua 4.11.2022 menness\u00e4 alla olevasta painikkeesta. <\/p>\n\n\n\n<p>Osallistumismaksu pyydet\u00e4\u00e4n suorittamaan 4.11.2022 menness\u00e4 Arkistoyhdistyksen tilille. Mik\u00e4li haluat, ett\u00e4 maksu laskutetaan, voit olla yhteydess\u00e4: rahastonhoitaja@arkistoyhdistys.fi<\/p>\n\n\n\n<p>Maksutiedot:<\/p>\n\n\n\n<p>Arkistoyhdistys<\/p>\n\n\n\n<p>Nordea FI0310193000204355<\/p>\n\n\n\n<p>BIC: NDEAFIHH<\/p>\n\n\n\n<p>Viite: 1164<\/p>\n\n\n\n<p><\/p>\n\n\n\n<p><\/p>\n\n\n\n<p><\/p>\n\n\n\n<div class=\"wp-block-buttons is-layout-flex wp-block-buttons-is-layout-flex\">\n<div class=\"wp-block-button is-style-fill\"><a class=\"wp-block-button__link wp-element-button\" href=\"https:\/\/edge.flomembers.com\/arkistoyhdistys\/events\/register\/6f4922f45568161a8cdf4ad2299f6d23\" target=\"_blank\" rel=\"noreferrer noopener\">Ilmoittaudu seminaariin<\/a><\/div>\n<\/div>\n","protected":false},"excerpt":{"rendered":"<p>Arkistoyhdistyksen perinteinen syysseminaari j\u00e4rjestet\u00e4\u00e4n perjantaina 11.11.2022. Paikkana on Tieteiden talo, sali 104, Helsinki. Seminaariin on my\u00f6s et\u00e4osallistumismahdollisuus Zoom-sovelluksen kautta. Seminaarin teemana on t\u00e4n\u00e4 vuonna &#8221;Arkistot ja vastuullisuus&#8221;. Seminaarin yhteydess\u00e4 juhlitaan Arkistoyhdistyksen 75-vuotista taivalta. Ohjelma 8.30\u20139.00&nbsp;&nbsp;&nbsp;&nbsp;&nbsp;&nbsp;&nbsp;Aamukahvi ja ilmoittautuminen 9.00\u20139.15&nbsp;&nbsp;&nbsp;&nbsp;&nbsp;&nbsp;&nbsp;Seminaarin avaus. Johanna Mieto, puheenjohtaja, Arkistoyhdistys. 9.15\u20139.45&nbsp;&nbsp;&nbsp;&nbsp;&nbsp;&nbsp;&nbsp;Lains\u00e4\u00e4d\u00e4nt\u00f6uudistuksen ja strategiaty\u00f6n roolista tulevaisuuden arkistoinnissa. Katariina Simonen, hallitusneuvos, opetus- ja kulttuuriministeri\u00f6. [&hellip;]<\/p>\n","protected":false},"author":1,"featured_media":0,"parent":0,"menu_order":0,"comment_status":"closed","ping_status":"closed","template":"","meta":{"footnotes":""},"class_list":["post-497","page","type-page","status-publish","hentry"],"_links":{"self":[{"href":"http:\/\/arkistoyhdistys.fi\/index.php\/wp-json\/wp\/v2\/pages\/497","targetHints":{"allow":["GET"]}}],"collection":[{"href":"http:\/\/arkistoyhdistys.fi\/index.php\/wp-json\/wp\/v2\/pages"}],"about":[{"href":"http:\/\/arkistoyhdistys.fi\/index.php\/wp-json\/wp\/v2\/types\/page"}],"author":[{"embeddable":true,"href":"http:\/\/arkistoyhdistys.fi\/index.php\/wp-json\/wp\/v2\/users\/1"}],"replies":[{"embeddable":true,"href":"http:\/\/arkistoyhdistys.fi\/index.php\/wp-json\/wp\/v2\/comments?post=497"}],"version-history":[{"count":9,"href":"http:\/\/arkistoyhdistys.fi\/index.php\/wp-json\/wp\/v2\/pages\/497\/revisions"}],"predecessor-version":[{"id":527,"href":"http:\/\/arkistoyhdistys.fi\/index.php\/wp-json\/wp\/v2\/pages\/497\/revisions\/527"}],"wp:attachment":[{"href":"http:\/\/arkistoyhdistys.fi\/index.php\/wp-json\/wp\/v2\/media?parent=497"}],"curies":[{"name":"wp","href":"https:\/\/api.w.org\/{rel}","templated":true}]}}